 2) + (-172 - 59) + 245
-83
Evaluate -142 + 856 + -711 - ((124 - 0) + (0 - -2)).
-123
What is -1 - (-39 + -19 - -39)?
18
101 - (56 - (-42 - -58))
61
What is 53 + 2 - (509 - 515)?
61
What is 15 + (24 + 10 - 59) + -37?
-47
Evaluate (-12 - (-13 + 3)) + (-37 - -54).
15
Evaluate -99 + 127 - (10 - (-7 - 2)).
9
What is the value of 344 + -352 - (2 + -3) - -38?
31
What is (1 - -57 - -1) + (207 + -197 - (-4 - -6))?
67
What is the value of 0 + 6 + -3 + (11 - 29) + 9 + 1?
-5
14 + -102 + 1 + -8 + (-57 - -71)
-81
What is the value of -668 - -671 - (-8 - -2)?
9
Evaluate 181 - (-18 - -104) - 183.
-88
What is the value of -23 - (-78 - -39) - (36 + -3)?
-17
Evaluate (-1 - -2) + 10 - (722 - 707) - -56.
52
Evaluate (26 - (-43 + 52)) + (2 - -3).
22
What is 124 - ((-13 - -79) + (117 - 158))?
99
What is the value of 3 + 28 + 2 + 4 + (37 - 30)?
44
What is the value of (-83 - -82) + (2 - (-1 - 8)) - -2?
12
What is the value of -3 + (2 - (2 - 0 - -3)) + -99 + -42?
-147
Calculate (-8069 - -8048) + (-97 - -1).
-117
Calculate (26 - 44) + 10 - (-3 - (1 + -30)).
-34
-17 + 42 - -19 - (29 + -11)
26
What is the value of 52 + 98 + -65 + -30?
55
Evaluate 10 + 38 - (-10 - -67).
-9
What is the value of -16 + 94 - (-6 - -27)?
57
-26 - (-219 - -311) - (0 + (-1 - 0) + -6)
-111
Evaluate 9 + -18 - -1 - (-20 - (-10 - (14 + 73))).
-85
-103 - (-150 - (-99 - -17))
-35
Calculate 19 + 16 - (2 + -9) - (-6 + 8).
40
What is the value of 8 + -53 + 44 + (2 - 32)?
-31
Calculate (92 - 79 - (96 + -12)) + -2 + 9.
-64
What is 5 + (5 - 62 - 3) + (245 - 253)?
-63
Calculate 87 + -104 - (3 + -4).
-16
(15 - 6) + 10 + -14 + 6
11
What is the value of ((2 - (-12 + 9)) + -9 - -19) + 0 + 1?
16
Calculate 6 + -46 + (21 - 4) + -35.
-58
Evaluate (-29 - -60) + (31 - 8).
54
Calculate -17 + (11 - 10) + 16 + 62.
62
What is the value of (-166 - -124) + 34 + -9?
-17
Calculate 31 + -71 + 41 + 37.
38
Calculate -3 + (1 - (-28 + 35 - ((4 - 2) + -5))).
-12
-1 - 1 - (-1 + 3) - (-227 - (-152 - 62))
9
19 + -1 - (21 - 23) - (335 + -445)
130
Calculate -1 + -9 + 200 + -127 + -15.
48
Calculate (-2 - -18) + -2 - (-214 + 78 - -87).
63
-25 - (20 - 2 - 49)
6
Evaluate 15 + -35 + (8 - (4 - 7)) + 1.
-8
What is the value of -77 - (4 + -109 + 94)?
-66
What is the value of 7 + (87 - 3) + (-311 - -277)?
57
Calculate (-11 - -6 - (2 - -2) - (-2 - 35)) + -4.
24
Evaluate -154 + 67 + (-15 - -168).
66
What is -27 + -35 + 34 + 17?
-11
What is -7 + (-50 - -43) + -29?
-43
6 + 18 - ((5 - -4) + -40)
55
Evaluate (-7 - (-1 - 23)) + 10 + -7.
20
What is the value of (0 - -47) + (749 - 825)?
-29
Calculate (-5 - -58) + -25 - -19.
47
Calculate (93 - 23 - (3 + -1)) + 16 + 37 + -45.
76
30 - -8 - 21 - -24
41
What is -10 + (21 - 15 - (-9 + 3)) - -9?
11
11 + -2 + -10 - (3 + (6 - -8) + -8)
-10
What is the value of (25 - 14) + 6 + -36 + 46?
27
Evaluate -134 + 37 - -171 - 14.
60
Calculate (39 - -12) + -64 - -25.
12
Calculate -8 + -38 + (-31 - (-2 + -14) - -28).
-33
What is (-27 - (15 - 49)) + (-22 - 1)?
-16
Evaluate 24 - (-14 - -17) - 16 - (-35 - -3).
37
What is the value of (2 - 18) + 1 + (-15 + 1 - -8)?
-21
-41 + -40 + 137 - 53
3
Evaluate -4 + -18 + 3 + 9 + 1 + 52.
43
Evaluate 12 + (-14 - (2 + 13 - 19)) + -87.
-85
Evaluate (51 - (29 - -5)) + 62 + 0 + 0.
79
What is the value of -1314 + 1308 - (1 + 0 + -3 + -70)?
66
(-51 - 222) + 151 - -73
-49
145 + (147 - 306) - (30 + -2)
-42
0 - -128 - (343 - (40 + 295))
120
What is -16 - (-32 - -20) - -54 - 11?
39
What is the value of -109 + -39 + 93 - (32 - -4)?
-91
(-47 - (3 + -47)) + 88 + -7 + 5
83
-24 + 25 + (-28 - -20) - -33
26
Evaluate 2 - 24 - (-2 + -4 + 8 - (-124 - -118)).
-30
What is (50 - (3 + -4 - ((9 - 8) + -5))) + 8?
55
Evaluate -48 + 94 - (73 + -56).
29
What is the value of 2 + -6 - (-60 + -45 - -123)?
-22
What is 7 - (-3 + (-3 - 68) + -10 + 17 + 1)?
73
((6 - 12) + -4 + (34 - 7) - 10) + -24
-17
Evaluate (3 + -1 + -1 - -15) + (-235 - (-65 + -277)).
123
Calculate 35 + (90 - 68 - 48).
9
What is the value of (-11 + -7 - -12) + 5 + 6 + -5?
0
What is (-243 - -228 - (22 - 3)) + -10?
-44
Calculate -92 + 27 - (-7 + -8 + 36).
-86
(0 - -11) + (423 - 404)
30
Calculate 31 + -22 + (-26 - -30) + (29 - 0).
42
What is 0 + -6 + 12 - (-4 + 56 - 28)?
-18
What is the value of 32 - ((8 + 10 - 21) + 92)?
-57
What is the value of 9 + -1 - ((-8 - (-25 + 39) - -45) + -69)?
54
-7 - (-16 + (-8 - -6) + 15)
-4
What is 34 + -1 - (-2639 + 2665)?
7
What is 2 + 0 + 105 - (0 - (186 + -191))?
102
What is (-2 - -5) + (4 - 3) + -51 + 48 + -51?
-50
What is the value of -33 - -49 - (-47 + 89)?
-26
What is the value of (-13 + (-2 + -8 - -15) - -4) + -3 + -32?
-39
-255 - (-90 + -152) - (-44 - -1)
30
What is the value of (16 + (-53 - -27) - (0 - 16)) + -10 + -7?
-11
Calculate (88 + -38 - 58) + 13 - ((3 - 1) + -38).
41
-15 + 4 - (-110 + 72 + -10)
37
What is the value of (-60 - (5 - -50)) + (3 - -24)?
-88
Calculate 280 - 267 - (-2 + 3).
12
Calculate 171 - 243 - (23 - (-3 - (4 + -9))).
-93
What is the value of -46 - ((16 + 15 - 63) + -9)?
-5
Evaluate (6 + (-10 - 11) - (-4 + 0)) + 6 + 3.
-2
Calculate (-999 - -976) + (-3 - -35).
9
What is the value of (5 - (35 - -7)) + -1 + 0 + -1?
-39
What is the value of 429 + -444 - (-5 + 8 + -3)?
-15
What is (-18 - (-9 - (8 + -2 + -5)) - -11) + 18?
21
What is the value of (5 - -1 - 2) + 16 - (-1059 - -1031)?
48
Calculate -12233 + 12285 + -77 + 1.
-24
Evaluate -277 + 201 - (-38 + -2).
-36
What is -22 - (17 + -33) - -5?
-1
What is (-90 - (-5 - 27)) + -39?
-97
102 + -75 + -66 + -42
-81
What is the value of 33 + -12 - 2 - (7 - 13)?
25
Calculate (-43 - 1) + -15 + -43 + (145 - 69).
-26
What is the value of 10 - (1 - -8) - (-14 - (-12 + -3))?
0
Evaluate 110 - (19 - (8 - 6)).
93
Calculate (88 - -3) + (7 - -19) + -2 + -3 + -3.
109
What is -238 + 262 + (-33 - 2)?
-11
Calculate 5 - (20 + 7 + 4 + -18 - 9).
1
Calculate -45 + (2 + -11 + -6 + 7 - (2 + -11)).
-44
Evaluate -5 + (-2 - -29 - (289 - 281)).
14
(-15 - (23 - (3 + 42))) + (20 - 3)
24
Evaluate 17 - ((-6 - -2) + -10 + (-7 - (6 - 18))).
26
Calculate 7 + 6 + -20 + 7 + 17 + (64 - -3).
84
Evaluate 135 - (60 - 31) - -1.
107
What is the value of 17 + (-13 + 35 + -36 - 4) - 34?
-35
What is (-16755 - -16748) + 0 + 1 + -2?
-8
Calculate 135 + (2 - 0) + (-211 - -191) - 19.
98
Evaluate -3 - -42 - (80 + (-171 - -123)).
7
What is -66 - (-141 - -4) - -17?
88
Calculate -34 - (-10 - (-12 + 67)).
31
What is the value of -57 - (9 - -14 - 47)?
-33
44 + -35 - (-88 - -58)
39
What is the value of 11 + -114 + 12 + 15 + 3 + 10?
-63
What is the value of -14 - (-6 + -54) - -58?
104
What is the value of (1 - 61 - 1) + (-4 - (-19 + -1))?
-45
Calculate (-14 + -16 + 10 - -39) + -20.
-1
(44 + -114 + 25 - 12) + (7 - 1)
-51
Evaluate -8 + (-35 - (-11 - 19 - -9)).
-22
What is (-55 + 24 - (-12 - 1) - -29) + 0 + -57?
-46
Calculate -28 - (0 + (-5 - -32) + -2).
-53
Calculate -6 - -19 - (-39 + 21 + 17 - (-22 + -1)).
-9
What is 98 + -93 + (-5 - (0 + 3 - -39))?
-42
Evaluate -10 + (86 - (13 + -19 - 14 - -37)).
59
What is the value of 84 + (102 - 177) + (-2 + 3 + -5 - 0)?
5
Calculate 7 + 2 - (-80 - -51) - (-6 + (-2 - 1)).
47
-5 + (-97 + 86 - (-3 + (-1 - (-8 - -1))))
-19
What is the value of -1 + -61 + 48 + (1 - (-3 - 8)) - 89?
-91
What is 16 - (-2 + -14 + (15 - -44) + -1)?
-26
What is 17 + 8 + (29 - 27)?
27
What is the value of -8 + 27 + (-5 - 9) + (-4 - (-8 - 2))?
11
What is -9 + (10 - (-4 + (13 - 5) + 89)) + -3?
-95
What is 471 + -272 + -252 - (3 - 2 - (0 + -14))?
-68
-22 + 7 + (7 - 22 - (3 - 19 - -5))
-19
What is the value of -7 + 15 - 12 - 2 - (-104 - -1)?
97
Calculate -2 + 0 + -11 + (15 - -51 - -27) + -24.
56
What is the value of 33 - -22 - (131 + -83) - (0 + -15)?
22
What is 6 + -3 - -6 - (35 + -16)?
-10
What is 5 + (7 - 11) - (9 + -9 - (5 + 35))?
41
Evaluate 157 + -40 + (-6 - ((-1 + 12 - 25) + -7)).
132
Calculate (-102 - -23 - -2) + 22 + 19.
-36
What is the value of -19 + (-13 - 4 - 11)?
-47
-131 - ((38 - 76) + -82)
-11
What is (14 + -2 - (-5 + -1 + 3)) + 227 + -216?
26
(22 - -27 - -35) + -126
-42
-19 - (3 - (-21 + 10 - -4))
-29
What is the value of 127 + -88 - (10 + 1 - -2)?
26
Evaluate -194 + 221 - (14 - 10 - -63).
-40
What is 2 - ((-28 - -48) + (-5 + 2 - -11))?
-26
Evaluate 7 - (16 - (-3 - ((5 - 9) + -1) - 9)).
-16
Evaluate -7 - (38 + -10 + (-5 - -5) + (-21 - -25)).
-39
Calculate (19 - 11 - -23 - -9) + (-2 - -1).
39